vided by 197?
154
Calculate the remainder when 135 is divided by 30.
15
What is the remainder when 240 is divided by 220?
20
Calculate the remainder when 219 is divided by 115.
104
What is the remainder when 8301 is divided by 48?
45
Calculate the remainder when 1023 is divided by 54.
51
Calculate the remainder when 614 is divided by 27.
20
Calculate the remainder when 213 is divided by 36.
33
What is the remainder when 68 is divided by 16?
4
What is the remainder when 667 is divided by 48?
43
Calculate the remainder when 211 is divided by 27.
22
What is the remainder when 164 is divided by 66?
32
Calculate the remainder when 322 is divided by 150.
22
Calculate the remainder when 698 is divided by 100.
98
Calculate the remainder when 108 is divided by 24.
12
What is the remainder when 988 is divided by 983?
5
Calculate the remainder when 177 is divided by 56.
9
What is the remainder when 274 is divided by 11?
10
Calculate the remainder when 193 is divided by 28.
25
Calculate the remainder when 76 is divided by 73.
3
What is the remainder when 9047 is divided by 58?
57
Calculate the remainder when 36 is divided by 13.
10
What is the remainder when 518 is divided by 104?
102
Calculate the remainder when 2512 is divided by 2.
0
Calculate the remainder when 684 is divided by 30.
24
What is the remainder when 1977 is divided by 198?
195
Calculate the remainder when 333 is divided by 36.
9
Calculate the remainder when 1780 is divided by 18.
16
What is the remainder when 218 is divided by 44?
42
Calculate the remainder when 87 is divided by 57.
30
What is the remainder when 146 is divided by 14?
6
Calculate the remainder when 1788 is divided by 138.
132
What is the remainder when 405 is divided by 138?
129
Calculate the remainder when 275 is divided by 70.
65
Calculate the remainder when 1089 is divided by 187.
154
What is the remainder when 44 is divided by 20?
4
Calculate the remainder when 5016 is divided by 193.
191
What is the remainder when 1415 is divided by 142?
137
What is the remainder when 78 is divided by 16?
14
What is the remainder when 65 is divided by 36?
29
Calculate the remainder when 56 is divided by 44.
12
Calculate the remainder when 449 is divided by 113.
110
What is the remainder when 728 is divided by 84?
56
Calculate the remainder when 1901 is divided by 237.
5
Calculate the remainder when 603 is divided by 281.
41
Calculate the remainder when 12549 is divided by 172.
165
Calculate the remainder when 1671 is divided by 22.
21
What is the remainder when 11147 is divided by 3709?
20
Calculate the remainder when 166 is divided by 55.
1
What is the remainder when 48 is divided by 25?
23
What is the remainder when 158 is divided by 81?
77
What is the remainder when 109 is divided by 6?
1
What is the remainder when 905 is divided by 100?
5
What is the remainder when 412 is divided by 67?
10
Calculate the remainder when 151 is divided by 12.
7
What is the remainder when 131 is divided by 71?
60
What is the remainder when 727 is divided by 28?
27
Calculate the remainder when 1957 is divided by 14.
11
Calculate the remainder when 11241 is divided by 18.
9
What is the remainder when 341 is divided by 72?
53
Calculate the remainder when 137 is divided by 59.
19
What is the remainder when 1174 is divided by 49?
47
What is the remainder when 630 is divided by 79?
77
What is the remainder when 237 is divided by 112?
13
What is the remainder when 38 is divided by 8?
6
Calculate the remainder when 3966 is divided by 124.
122
Calculate the remainder when 243 is divided by 25.
18
Calculate the remainder when 87 is divided by 19.
11
Calculate the remainder when 186 is divided by 4.
2
Calculate the remainder when 15534 is divided by 34.
30
Calculate the remainder when 4054 is divided by 41.
36
Calculate the remainder when 1571 is divided by 121.
119
What is the remainder when 2696 is divided by 300?
296
Calculate the remainder when 2067 is divided by 23.
20
What is the remainder when 2120 is divided by 48?
8
Calculate the remainder when 746 is divided by 252.
242
What is the remainder when 147 is divided by 40?
27
What is the remainder when 4551 is divided by 23?
20
Calculate the remainder when 426 is divided by 33.
30
What is the remainder when 28 is divided by 9?
1
What is the remainder when 323 is divided by 105?
8
What is the remainder when 1209 is divided by 34?
19
Calculate the remainder when 86 is divided by 15.
11
Calculate the remainder when 25758 is divided by 14.
12
Calculate the remainder when 1238 is divided by 89.
81
What is the remainder when 639 is divided by 130?
119
Calculate the remainder when 301 is divided by 132.
37
What is the remainder when 2735 is divided by 54?
35
What is the remainder when 357 is divided by 30?
27
What is the remainder when 747 is divided by 246?
9
Calculate the remainder when 95 is divided by 17.
10
What is the remainder when 185 is divided by 40?
25
Calculate the remainder when 741 is divided by 256.
229
What is the remainder when 272 is divided by 84?
20
Calculate the remainder when 2635 is divided by 176.
171
What is the remainder when 166 is divided by 57?
52
Calculate the remainder when 131 is divided by 3.
2
Calculate the remainder when 866 is divided by 283.
17
Calculate the remainder when 69 is divided by 36.
33
Calculate the remainder when 408 is divided by 75.
33
What is the remainder when 124 is divided by 32?
28
What is the remainder when 41069 is divided by 136?
133
Calculate the remainder when 3128 is divided by 391.
0
Calculate the remainder when 190 is divided by 32.
30
Calculate the remainder when 176 is divided by 11.
0
Calculate the remainder when 114 is divided by 50.
14
What is the remainder when 2467 is divided by 206?
201
What is the remainder when 334 is divided by 114?
106
What is the remainder when 77 is divided by 9?
5
Calculate the remainder when 993 is divided by 83.
80
Calculate the remainder when 4817 is divided by 241.
238
Calculate the remainder when 54 is divided by 8.
6
What is the remainder when 174 is divided by 11?
9
Calculate the remainder when 8907 is divided by 11.
8
What is the remainder when 752 is divided by 45?
32
What is the remainder when 8832 is divided by 121?
120
What is the remainder when 110 is divided by 50?
10
What is the remainder when 1420 is divided by 49?
48
Calculate the remainder when 2701 is divided by 256.
141
Calculate the remainder when 1232 is divided by 268.
160
What is the remainder when 757 is divided by 102?
43
Calculate the remainder when 145 is divided by 24.
1
Calculate the remainder when 5612 is divided by 4.
0
Calculate the remainder when 116 is divided by 15.
11
What is the remainder when 118 is divided by 20?
18
What is the remainder when 1613 is divided by 101?
98
What is the remainder when 369 is divided by 92?
1
What is the remainder when 133 is divided by 34?
31
Calculate the remainder when 2096 is divided by 175.
171
Calculate the remainder when 1375 is divided by 53.
50
Calculate the remainder when 38 is divided by 26.
12
Calculate the remainder when 63 is divided by 26.
11
Calculate the remainder when 546 is divided by 185.
176
Calculate the remainder when 1816 is divided by 6.
4
Calculate the remainder when 245 is divided by 41.
40
What is the remainder when 208 is divided by 35?
33
What is the remainder when 13425 is divided by 36?
33
Calculate the remainder when 767 is divided by 239.
50
What is the remainder when 11301 is divided by 95?
91
Calculate the remainder when 635 is divided by 200.
35
What is the remainder when 1063 is divided by 97?
93
What is the remainder when 134 is divided by 34?
32
What is the remainder when 135 is divided by 44?
3
What is the remainder when 497 is divided by 478?
19
Calculate the remainder when 333 is divided by 21.
18
Calculate the remainder when 96 is divided by 15.
6
Calculate the remainder when 3925 is divided by 3904.
21
What is the remainder when 181 is divided by 59?
4
What is the remainder when 480 is divided by 119?
4
What is the remainder when 189 is divided by 12?
9
What is the remainder when 244 is divided by 13?
10
Calculate the remainder when 138 is divided by 35.
33
Calculate the remainder when 102 is divided by 10.
2
Calculate the remainder when 613 is divided by